he highest common factor of 136 and c?
68
Suppose 0 = 5*s - 46 - 189. Let p = 82 - s. Let q = 660 + -275. What is the highest common divisor of q and p?
35
Let o(p) = p**2 - 10*p - 11. Let l be o(12). Let s(d) = 5*d**2 - 3*d - 2. Let w be s(-3). Let k = w + 0. What is the highest common factor of k and l?
13
Let s = 52 - 46. Let v be 10 + -2 + -3 - -4. Let i = v + s. Calculate the highest common factor of i and 75.
15
Suppose 102*t - 7623902 = -27*t - 289*t. What is the highest common factor of 299 and t?
299
Suppose -24056 + 1049 - 19497 = -66*t. What is the highest common factor of 1372 and t?
28
Let q(z) = z - 6. Let x be q(6). Let w be x + 238 - (-40 - -35). Calculate the highest common divisor of w and 27.
27
Suppose -22*z - 384 = -54*z. What is the greatest common factor of z and 762?
6
Let c be ((-31662)/(-54))/(2/6). Suppose c = 17*u + 535. What is the highest common divisor of 2 and u?
2
Suppose -10*r = -3*h + 807, 101*h + 3*r = 96*h + 1404. What is the greatest common divisor of 801 and h?
9
Suppose 6*t - 8 = -38. Let h be (4/t)/(8/(-260)). Let n be (-476)/(-12) + ((-4)/(-3))/(-2). Calculate the highest common divisor of h and n.
13
Let w = 42 + 86. Let a = -5107 + 5155. What is the highest common factor of w and a?
16
Suppose 738 = -4*w + 798. What is the greatest common factor of 1105 and w?
5
Let n be ((-7)/2)/((-70)/420) + -5. Calculate the highest common factor of n and 1584.
16
Suppose -4*b - 223*n + 334 = -218*n, -4*n - 235 = -3*b. What is the highest common factor of b and 468?
9
Let p be ((-55)/(-15) + -3)*42. Suppose 3 = g - p. Let j be g + -10 - (0 - 0). What is the greatest common divisor of 3 and j?
3
Suppose 0 = x - 11 + 6. Suppose -63 = x*r - 173. Let j be (4 - 2 - -2)*(-17 - -28). What is the highest common factor of r and j?
22
Let c(u) = 2 + 6*u**2 + 6*u**2 - 14*u**2 - 4*u**3. Let a be c(1). Let b be (-220)/(a + 2) - 2. Calculate the highest common factor of b and 12.
12
Let f be (-10)/55 - (-24)/11. Suppose o + f*o = 2*o. Suppose o = -m + 23 + 1. What is the highest common factor of 3 and m?
3
Let q(z) = z**3 - 16*z**2 - 2*z + 45. Let o be q(16). Suppose -4*m - 4*n + 9 = o, -5*n = -m + 29. What is the greatest common divisor of 68 and m?
4
Suppose 4*t = z + 3479, -5*t + 4346 = -6*z + 2*z. Suppose 3*a - 86 = 4*n, -a + 0*n + 35 = 5*n. What is the greatest common divisor of t and a?
30
Let q = 2614 - 1729. Calculate the greatest common factor of q and 1593.
177
Let x(k) = -k**3 + 5*k**2 + 2*k - 2. Let t be x(5). Let r(v) = 884*v - 13132. Let h be r(15). Calculate the greatest common divisor of t and h.
8
Suppose m = -2*d + 30 + 28, -224 = -4*m - 4*d. Suppose -3*q + 61 = -5*h, -7*q + 4*h = -3*q - 92. Calculate the greatest common divisor of q and m.
27
Let y = -229 + -7. Let c = y + 243. Calculate the greatest common factor of 161 and c.
7
Let a(g) = 43*g**2 + 1176*g + 1175. Let b be a(-1). Calculate the highest common divisor of b and 2118.
6
Let v = 37257 - 37166. Suppose -3*h + 2*h = 0. Let t be 6 + h + 1/1. Calculate the highest common factor of t and v.
7
Suppose -240*f + 121*f = -117*f - 52. What is the greatest common divisor of 2795 and f?
13
Suppose -54 = 2*u + 7*u. Let m(w) = 49*w + 3 + 39 - 75*w. Let p be m(u). Calculate the greatest common factor of p and 22.
22
Let v = -77 - -552. Calculate the greatest common divisor of v and 570.
95
Let i(n) = n**2 - 126*n + 3727. Let b be i(47). Let u = 674 + -135. Calculate the highest common factor of u and b.
7
Let x = 144874 + -144844. Let g(a) = a + 4*a**3 + 0*a**2 - 1 + 0 - a**2. Let u be g(1). Calculate the greatest common divisor of u and x.
3
Suppose 0 = -10*t - 178476 + 181666. Calculate the greatest common factor of 44 and t.
11
Suppose -386 = -5*r - h, 2*r + 29*h = 34*h + 176. What is the greatest common factor of r and 156?
78
Let r be (-10234)/(-22) + (-48)/264. Suppose 10*l - r - 515 = 0. What is the highest common divisor of l and 147?
49
Suppose 0 = 2*q + 4*d - 394, -4*d - 1189 = -5*q - 176. Let i(o) = 3*o**2 + 8*o - 1. Let m be i(-12). What is the highest common divisor of m and q?
67
Let r(a) = 21*a**3 - 3*a**2 - 2*a + 4. Suppose -24*b + 6 = -21*b. Let d be r(b). Calculate the greatest common divisor of 36 and d.
12
Suppose -23*c + 2*c = 9*c - 33630. Calculate the greatest common factor of 59 and c.
59
Let s(h) = 6*h**2 + 66*h + 66. Let k be s(-1). Let a be 3/(0 + 1/8). What is the greatest common factor of k and a?
6
Let x(b) = b**2 - 4*b - 11. Let a be x(8). Suppose 546*m - 45 = 543*m. Calculate the greatest common factor of m and a.
3
Let r be -5 + 1 + -5 + (38 - 3). Let j(x) = x**3 + 6*x**2 + 4*x - 1. Let t be j(-3). What is the greatest common factor of r and t?
2
Let o be (-32)/12 + 2/(-6). Let i(c) = -8*c - 3. Let y be i(o). Let j be (-96)/(-28)*49/2. What is the greatest common factor of j and y?
21
Suppose -19*k + 5476 = 5*k + 13*k. What is the highest common divisor of 32 and k?
4
Let y = 10686 + -9408. Calculate the highest common factor of 36 and y.
18
Let p(k) = 8*k + 2. Let f be -4 - (0 - 1)*3. Let y be p(f). Let w be (-30)/(-9) + (-4)/y. Calculate the greatest common factor of w and 4.
4
Let j = 4 - 1. Let a be ((-1)/j)/((-7)/693). Let l be (6/a - (-16)/33)*18. Calculate the highest common divisor of 4 and l.
4
Let q be -5 - (-120 - 6) - (-2 - -2). Let w = 87 - 76. Calculate the greatest common factor of q and w.
11
Suppose 3*p + 520 = 7*p. Suppose 0 = -o - 5*q + 51, -2*q + 4 = -2*o + p. Let t = o - 52. Calculate the greatest common factor of t and 72.
9
Let i = 852 - 542. Let y be (0 - i/(-50))/(1/25). What is the greatest common factor of y and 5?
5
Suppose 0 = -79*x - 71*x + 105*x + 90. Calculate the highest common divisor of 14 and x.
2
Let y(w) = -2*w**2 + 36*w + 9. Let l be y(18). Let p(i) = 9*i + 14. Let j be p(l). Let h be -4*2/4*-19. Calculate the highest common factor of j and h.
19
Let h(x) = -153*x + 1775. Let y be h(7). Calculate the greatest common divisor of 16 and y.
16
Let f be 1/((-5)/(-15)) + -1 + 1. Suppose n - 4*w = -w + 87, 0 = -4*n + f*w + 303. What is the greatest common factor of n and 18?
18
Let r(s) be the third derivative of -s**4/24 + 10*s**3/3 + 73*s**2. Let a be r(-8). Calculate the greatest common factor of a and 196.
28
Let s(f) = 34*f**3 + 9*f**2 - 17*f - 4. Let v be s(2). What is the highest common divisor of 6030 and v?
90
Let q = -252 + 426. Suppose -o + 3*u = -705, o = 4*u + 532 + q. Calculate the highest common factor of 27 and o.
27
Let q(y) = -y**2 - 15*y - 45. Let i be q(-8). Let p(x) = 6*x - 55. Let m be p(i). What is the greatest common divisor of m and 44?
11
Let l be (-21)/(-3) - 3 - (-6 - 2). Suppose 6*g - l*g = -78. Let i(b) = 47*b + 2. Let o be i(3). What is the highest common factor of o and g?
13
Suppose -5*s + 1538 = 3*w, 4*w + s - 3106 = -1061. Calculate the highest common divisor of 14 and w.
7
Suppose 22*w - 82412 = 17*w - 2*p, 4*w + 4*p - 65944 = 0. Calculate the greatest common divisor of w and 103.
103
Let u(n) = n**3 - 10*n**2 - 24*n + 15. Let y be u(12). Let c be (10/3)/((-10)/y) - -810. What is the greatest common factor of 35 and c?
35
Let l be (-3 + (-15)/6)*2. Let a = 13 + l. Let q be (18/8)/((-45)/(-60)). What is the highest common divisor of q and a?
1
Suppose 39*t = 37*t - 6, -2*t = -s + 180. Suppose -3*j - x = -398, 5*j + x = s + 488. What is the highest common factor of j and 88?
44
Let w be 112/14 + (1 - -161 - -10). What is the greatest common factor of 8685 and w?
45
Let t be (11 - (13 + -11))*494/3. Suppose 8*v = 12*v - p - t, -5*v = -3*p - 1856. Calculate the highest common factor of v and 20.
10
Let a(q) = q**2 - 4*q - 16. Suppose 3*s - 6 = -z + 4*z, 5*z + 7 = 4*s. Let f = 4 + s. Let o be a(f). Calculate the greatest common factor of 1 and o.
1
Let j = 49 + -50. Let b(q) = -13*q - 4. Let m be b(j). Let s(g) = 23*g - 5. Let r be s(1). Calculate the highest common factor of r and m.
9
Let k = 32971 + -23005. What is the greatest common divisor of 151 and k?
151
Let s be (-355 - -369)/(28/120*1). Suppose 0 = -3*t - 4*r + 300, 381 = 5*t - t - r. Calculate the highest common factor of s and t.
12
Let m(h) = -4*h + 124. Let a = -166 + 153. Let i be m(a). Let s(u) = 2*u**3 - 5*u**2 + 5*u - 2. Let w be s(3). Calculate the greatest common divisor of w and i.
22
Let c